{"id":838,"date":"2012-03-05T22:49:24","date_gmt":"2012-03-05T22:49:24","guid":{"rendered":"http:\/\/cavilacionesydesvarios.com\/?page_id=838"},"modified":"2014-03-08T00:33:29","modified_gmt":"2014-03-08T00:33:29","slug":"y-lo-que-sigue-mexico-en-la-mera-edad-de-piedra","status":"publish","type":"page","link":"https:\/\/www.cavilacionesydesvarios.com\/?page_id=838","title":{"rendered":"Y lo que sigue: \u00a1Los \u00faltimos cien km de Santiago!"},"content":{"rendered":"<p><strong>Marzo de 2012<\/strong><\/p>\n<p><strong>HOLA A TODOS. <\/strong><\/p>\n<p><strong>\u00a1Los \u00faltimos cien km de Santiago!<\/strong><strong><\/strong><\/p>\n<p><strong><a href=\"http:\/\/www.cavilacionesydesvarios.com.php53-4.dfw1-2.websitetestlink.com\/wp-content\/uploads\/2011\/05\/ANIMAL.jpg\"><img decoding=\"async\" loading=\"lazy\" class=\"alignleft  wp-image-101\" title=\"ANIMAL\" alt=\"\" src=\"http:\/\/www.cavilacionesydesvarios.com.php53-4.dfw1-2.websitetestlink.com\/wp-content\/uploads\/2011\/05\/ANIMAL-150x150.jpg\" width=\"167\" height=\"168\" \/><\/a><\/strong><\/p>\n<p>La edad me obliga a los recuerdos, estos recuerdos es como hacer historia de no m\u00e1s de diez a\u00f1os, pero al fin y al cabo es historia, historia muy personal pero como quiera que sea la historia es para platicarla, o en mi caso escribirla para buscar la suerte de que alguien la lea y s\u00ed tengo suerte que t\u00fa seas alguno de esos incognitos lectores que por ah\u00ed tengo,\u00a0me da un gusto enorme aunque no tenga la oportunidad de saberlo.<\/p>\n<p>Quiero platicarles de uno de esos sue\u00f1os que te llevan a planear un viaje y que se volvi\u00f3 realidad despu\u00e9s de casi un a\u00f1o de cocinarlo.<\/p>\n<p>Adem\u00e1s tenemos amigos que se contagian f\u00e1cilmente y le meten entusiasmo al asunto que facilitan hacer la mezcla y ponerla con mucho cari\u00f1o a fuego lento y a nuestra edad cuidarlo de los cambios de temperatura por que se te puede desinflar el pastel o agriar el guiso. F\u00e1cil, a poco no.<\/p>\n<p>Por fin lleg\u00f3 octubre de 2004, iniciamos un viaje maravilloso que nos llev\u00f3 a Barcelona y de ah\u00ed un recorrido sorprendente por el norte de Espa\u00f1a. Zaragoza, San Sebasti\u00e1n, Bilbao, Santander, La Coru\u00f1a con todos sus aleda\u00f1os en cada caso. Y Santiago de Compostela, antepen\u00faltima parada rumbo a Madrid. Todas ellas ciudades con mucha historia y trascendencia en nuestro M\u00e9xico. Es un paseo por paisajes diferentes de los que estamos acostumbrados, ciudades con historia f\u00e1cil de m\u00e1s de mil a\u00f1os y con maravillosos y antiguos edificios, casas, palacios, iglesias y catedrales, calles y callejones con miles de aromas y sabores. La modernidad citadina e industrial se muestra por todos lados demostrando que toda esa historia albergada en sus piedras y costumbres tiene para donde crecer, y que tiene esos que desean que eso se demuestre.<\/p>\n<p>Como les dec\u00eda arriba la meta principal fue Santiago de Compostela como paso hacia Madrid. Punto final y v\u00e1monos para M\u00e9xico a buscar d\u00edas tranquilos y sin ajetreos, ni m\u00e1s ni menos ya se le extra\u00f1a.<\/p>\n<p><strong>Lo que me llam\u00f3 para incluirla en el paseo fue su catedral y su fama como centro de reuni\u00f3n de peregrinos. La marejada de peregrinos llenos de entusiasmo que llegaba a la catedral nos contagiaba a todos los que los rode\u00e1bamos. Decenas de kil\u00f3metros caminados no influ\u00edan en su \u00e1nimo. \u00bfPor qu\u00e9? \u00bfQu\u00e9 los mueve?<\/strong><\/p>\n<p><strong>HASTA LA PR\u00d3XIMA<\/strong><\/p>\n<p><strong>Eduardo<\/strong><\/p>\n<p>(Eduardo Gama Barletti)<\/p>\n","protected":false},"excerpt":{"rendered":"<p>Marzo de 2012 HOLA A TODOS. \u00a1Los \u00faltimos cien km de Santiago! La edad me obliga a los recuerdos, estos recuerdos es como hacer historia de no m\u00e1s de diez a\u00f1os, pero al fin y al cabo es historia, historia muy personal pero como quiera que sea la historia es para platicarla, o en mi [&hellip;]<\/p>\n","protected":false},"author":1,"featured_media":0,"parent":0,"menu_order":2,"comment_status":"open","ping_status":"open","template":"","meta":{"_mi_skip_tracking":false,"_monsterinsights_sitenote_active":false,"_monsterinsights_sitenote_note":"","_monsterinsights_sitenote_category":0},"aioseo_notices":[],"_links":{"self":[{"href":"https:\/\/www.cavilacionesydesvarios.com\/index.php?rest_route=\/wp\/v2\/pages\/838"}],"collection":[{"href":"https:\/\/www.cavilacionesydesvarios.com\/index.php?rest_route=\/wp\/v2\/pages"}],"about":[{"href":"https:\/\/www.cavilacionesydesvarios.com\/index.php?rest_route=\/wp\/v2\/types\/page"}],"author":[{"embeddable":true,"href":"https:\/\/www.cavilacionesydesvarios.com\/index.php?rest_route=\/wp\/v2\/users\/1"}],"replies":[{"embeddable":true,"href":"https:\/\/www.cavilacionesydesvarios.com\/index.php?rest_route=%2Fwp%2Fv2%2Fcomments&post=838"}],"version-history":[{"count":5,"href":"https:\/\/www.cavilacionesydesvarios.com\/index.php?rest_route=\/wp\/v2\/pages\/838\/revisions"}],"predecessor-version":[{"id":1216,"href":"https:\/\/www.cavilacionesydesvarios.com\/index.php?rest_route=\/wp\/v2\/pages\/838\/revisions\/1216"}],"wp:attachment":[{"href":"https:\/\/www.cavilacionesydesvarios.com\/index.php?rest_route=%2Fwp%2Fv2%2Fmedia&parent=838"}],"curies":[{"name":"wp","href":"https:\/\/api.w.org\/{rel}","templated":true}]}}